(-28)/(-8) - 3)*-6. Let q(l) = -l**3 - 2*l**2 - 5*l - 4. Let i = 19 + 17. What is the remainder when i is divided by q(g)?
16
Let m = 108 + -91. Let o be 145/(-45) - (-2)/9. Calculate the remainder when (12/5)/o + 1540/50 is divided by m.
13
Let l = 18 + 2. Let f(c) = 2*c**2 + 13*c. Let b be f(-7). Let d(a) = a**3 - 6*a**2 + 3*a + 3. What is the remainder when d(b) is divided by l?
13
Let l = 201 + -199. Suppose v - 132 = l*g, -5*v + 44*g = 40*g - 630. Calculate the remainder when v is divided by 66.
56
Let f be 89584/48 + (4/3)/2. Suppose 0 = 4*b - 5*y - 1499, 5*b - 3*y - y = f. What is the remainder when b is divided by 22?
19
Let w(b) = 3*b + 360. What is the remainder when w(-37) is divided by 147?
102
Let o be 3/1 + -3 + 79. Suppose 3*s - 162 = -3*b, -300 + o = -4*b - 5*s. Let l = -45 + b. Calculate the remainder when 9 is divided by l.
1
Let q = -554 - -319. Let i = -229 - q. Suppose 4*g + 5*f = 37, g + f + 0 = 8. Calculate the remainder when i is divided by g.
0
Let w(s) = 2*s**3 - 4*s**2 - 6*s - 38. Let c = -2 - -45. What is the remainder when w(5) is divided by c?
39
Suppose 3*q - 46*k + 49*k = 0, 4 = -3*q - 5*k. Suppose -2*t - 2*p = -386, -q*p + 333 = 5*t - 623. What is the remainder when t is divided by 50?
40
Suppose 2*i - 268 = -4*v + 1036, -v + 1986 = 3*i. Calculate the remainder when i is divided by 156.
40
Suppose -432*z - 7416 = -456*z. Calculate the remainder when z is divided by 1.
0
What is the remainder when 9940/16 - 2992/(-1088) is divided by 45?
39
Let i = -157 + 28. Let z = 54 - i. Suppose -r - z = -238. What is the remainder when r is divided by 22?
11
Let b = -2045 + 2066. What is the remainder when 68 is divided by b?
5
Let b(j) = -2*j**3 - 21*j**2 + 46*j - 163. What is the remainder when 1174 is divided by b(-13)?
82
What is the remainder when 1/2 - (24/30 + (-51759)/30) is divided by 72?
69
Suppose -7*h = -211 + 197. Let a(v) = 75*v + 58. Calculate the remainder when a(h) is divided by 7.
5
Calculate the remainder when 6/6 - ((-57000)/15)/10 is divided by 130.
121
Let k be (-1 - (-8 + 55))/(3/(-46)). Let q = 930 - k. Calculate the remainder when q is divided by 40.
34
Suppose -3*t = -6*t - 21. Calculate the remainder when 48/168 - (1044/t)/3 is divided by 12.
2
Suppose 489*t = 491*t + 7*u + 7, -t + u = -19. Suppose 3*b - 225 = -63. Calculate the remainder when b is divided by t.
12
Let r(m) = -m**2 + 28*m - 32. Let x be r(26). Suppose -x*y + 556 = -104. What is the remainder when 97 is divided by y?
31
Suppose -4*j = -5*k + 11, -5*k + 3*j + 15 - 3 = 0. Suppose -3*s = 6, v + 22 = -v - k*s. What is the remainder when 60 is divided by (0 + v)/((-2)/(-4) - 1)?
12
Let z be (-11 + 11 - (-6)/(-2))*1. Let i(l) = -5*l - 3. What is the remainder when ((-48)/(-1))/(6/4) is divided by i(z)?
8
What is the remainder when 235 is divided by (-13176)/324*-2*3/4?
52
Suppose 2*z - 3*a - 44 = 0, -5*a + 38 - 10 = 3*z. Suppose 0*s - s = -g + 2, -5*s - 3 = 2*g. Calculate the remainder when z is divided by (-3)/s + 2 + 1.
4
Suppose z = 6, -4*s + 262 = 24*z - 23*z. Suppose 3*k - 5*y + 93 = 7*k, 0 = -3*k - 5*y + 76. Calculate the remainder when s is divided by k.
13
Let f be (2 + -4 - -1)*-5. Let n = f - -33. Suppose -44 + 12 = -4*k. Calculate the remainder when n is divided by k.
6
Let y = 8362 - 6721. What is the remainder when 4933 is divided by y?
10
Let a = 183 + 111. Suppose 4*k - a = k. Suppose -r = -2*w + 76 - 30, 0 = -4*w - 4*r + 116. Calculate the remainder when k is divided by w.
23
Let b = -261 - -355. Calculate the remainder when b is divided by 22.
6
Let g = -26434 - -36366. What is the remainder when g is divided by 16?
12
Let z = -67 - -234. Calculate the remainder when z is divided by 54.
5
Suppose 6*o - 4*o - 138 = 0. Suppose -56 - 7 = -9*g. Suppose 70 = 2*u - 2*x, -u + g*x - 2*x = -31. What is the remainder when o is divided by u?
33
Suppose -7*s = -6*s - 36. Let a = 25 + -23. Suppose -2*l - l = a*b - 149, 4*l = 3*b - 198. Calculate the remainder when b is divided by s.
34
Suppose 11*c - 10*c = -4*y + 34, -y + 4*c = 0. Let g(t) = t**3 + 4*t**2 + 1. What is the remainder when g(-3) is divided by y?
2
What is the remainder when 7696/2960 + (-2912)/(-5) is divided by 49?
46
Let c = 3693 + -3638. Calculate the remainder when 323 is divided by c.
48
Let h = 13 + 37. Let n = -4132 + 4325. Calculate the remainder when n is divided by h.
43
Suppose -34*y - 2*y + 4136 = -14*y. What is the remainder when 373 is divided by y?
185
Let z(u) = 154*u**2 - 149*u - 13. What is the remainder when 619 is divided by z(2)?
9
Let i be 65*(20/6 - (-1)/(-3)). Let l = i - 24. Suppose -l = -3*g - 2*d - 71, 2 = -2*d. What is the remainder when 66 is divided by g?
32
Suppose -4*u = -2*q + 114, 0 = 3*u - 28 + 13. Suppose -6*j = -673 - 905. Calculate the remainder when j is divided by q.
62
Suppose -k = 3*s + 45, -5*s - 7*k + 3*k = 75. Let p be -9 + 5/(s/(-9)). Calculate the remainder when 95 is divided by ((-15)/p)/((-1)/(-10)).
20
Suppose 0 = -5*k - 3*o + 370 + 3, 3*k - 251 = 5*o. Calculate the remainder when 535 is divided by k.
73
Calculate the remainder when 4423 + ((-374)/(-561))/(1 - 17/15) is divided by 10.
8
Calculate the remainder when (-4 + -1 - (2 + 30/12))*-32 is divided by 206.
98
Let c(q) = 9*q**2 - q + 1. Let t(d) = 55*d - 161. Calculate the remainder when c(2) is divided by t(3).
3
Let l(i) = 4*i**2 - i - 40. Let b be l(10). Let h = -338 + b. What is the remainder when 18 is divided by h?
6
Let a(f) = -323*f + 595. Let t(i) = -12*i + 22. Let r(z) = 5*a(z) - 136*t(z). Calculate the remainder when r(4) is divided by 21.
9
Suppose -47*o - 421 = -50*o + 5*m, -o + 167 = -5*m. What is the remainder when 648 is divided by o?
13
Let w be 43/4 + 4*7/112. Suppose -2*v + 55 = k + w, -3*k = 3*v - 66. What is the remainder when 103 is divided by v?
15
Let o(y) = 3*y**3 - y**2 - 4*y + 4. Let c be o(3). Let w = c - 27. Let j = 73 + 110. What is the remainder when j is divided by w?
35
Suppose -300*w - 315*w = -650*w + 4830. What is the remainder when 665 is divided by w?
113
Suppose -17*c = -9*c - 128. Suppose -2*s + 8 = 0, s + 4 = -r + c. Suppose r*b - 68 - 44 = 0. Calculate the remainder when 35 is divided by b.
7
Suppose 4*c - 9 = y, -4*y - 4*c - 54 = -2*y. Let t = 36 + y. Suppose -7*w + 17 = -53. Calculate the remainder when t is divided by w.
5
Let q(w) = 9*w**2 - 39*w - 19. What is the remainder when q(-25) is divided by 29?
27
Let l = 397 + -383. Suppose 0 = l*v + 6*v - 360. What is the remainder when 591 is divided by v?
15
Suppose 4*q - 40 = -2*z, 5*z - 3*z - 4*q = 0. Suppose -7*l - 4*l = 165. Let b = l - -54. Calculate the remainder when b is divided by z.
9
Suppose 3*h + 17 = h + 5*a, 0 = -h - 5*a + 14. Let o(q) = -416*q**2 + 2*q + 1. Let g be o(h). Let v = -282 - g. What is the remainder when v is divided by 23?
20
What is the remainder when ((-3)/(-1))/(2220/184 - 12) is divided by 0 + (-2)/9 - (-952)/72?
7
Let q = 50 - 35. Let d be (5/(q/(-63)))/((-15)/10). Let f = 30 - d. What is the remainder when 30 is divided by f?
14
Suppose 0 = 388*g - 386*g - 1160. What is the remainder when g is divided by 157?
109
Let z(f) = 3*f**2 - 27*f - 69. Calculate the remainder when 812 is divided by z(-6).
8
Let y = -267 - -300. Suppose -17*l - y = -18*l. What is the remainder when l is divided by 21?
12
Suppose 0 = 12*m - 1795 - 917. Let c = m + -196. Calculate the remainder when c is divided by 14.
2
Suppose 4*k + 3*c = 8*c - 901, 0 = -2*k + 4*c - 458. Let s = 237 + k. What is the remainder when s is divided by 11?
7
Let o = -2037 - -2073. Let g(v) = v - 2. Let b be g(6). Suppose w + 3*w = b*n - 44, -4*n - 3*w = -58. What is the remainder when o is divided by n?
10
Suppose -3884*h + 3879*h - 25 = 0, -n + 327 = 5*h. What is the remainder when n is divided by 166?
20
Let q(k) be the third derivative of 7*k**4/24 - 2*k**3/3 - 5*k**2. Let x be q(9). Suppose -x*a + 55*a = -44. Calculate the remainder when 20 is divided by a.
9
Let p(f) = -31*f**3 + f**2 + 6*f + 4. Suppose -3*l = 4 - 10. Calculate the remainder when (3/((-3)/(-172)))/l is divided by p(-1).
26
Let c(z) be the second derivative of 1/2*z**2 - 25/3*z**3 + 16*z + 0. What is the remainder when c(-2) is divided by 34?
33
Suppose -5*b + 16*d + 1580 = 11*d, b = 2*d + 321. Calculate the remain